 of ((-20)/m)/(3/105)?
0
Let j(s) = -s**3 + 27*s - 3. What is the units digit of j(-8)?
3
Suppose 3*j = -5*z - 7 - 5, 5*j - z = -20. Let o(c) = 4*c**2 - 9*c - 46. What is the tens digit of o(j)?
5
Suppose 5*b + 5*y = 165, 3*b - 2*b = 4*y + 8. What is the tens digit of ((-18)/5)/(b/(-210))?
2
Let g be ((-198)/(-12))/((-2)/(-4)). Let v be ((-6)/18)/(2/114). Let p = g + v. What is the tens digit of p?
1
Suppose -20*i = -21*i - 112. Let k = 8 - i. Suppose -k = -l - l. What is the tens digit of l?
6
Let i(s) = -26*s + 49. Let o be i(-10). Suppose -c = -j - 165, 0*c = -2*c - 5*j + o. What is the hundreds digit of c?
1
Let z = -21 - -1. What is the units digit of 288/5 - 8/z?
8
Suppose 12*m + 3941 = 39485. What is the tens digit of m?
6
Let v(k) = 3*k**2 + 13*k + 24. Let h be v(-7). Let j = h + 49. What is the hundreds digit of j?
1
What is the hundreds digit of 3/(-9)*-1424 + 1/3?
4
What is the units digit of ((-4)/((-36)/(-75)))/(32/(-1728))?
0
Let f = 4995 - 418. What is the thousands digit of f?
4
What is the tens digit of ((-4)/(-7) - (-17055)/(-140))*-4?
8
Suppose 0 = -3*o + 5*o. Suppose -s - 5*m + 25 = o, 2*s + 17 = -4*m + 49. What is the units digit of s?
0
Suppose -q + 6 = x, -3*q = 4*x + 2 - 22. Suppose a + 14 = -a + 4*t, -q*a - 5*t = 54. Let l = 25 + a. What is the units digit of l?
4
Let w(p) be the third derivative of 9*p**4/4 + p**2. What is the tens digit of w(1)?
5
What is the hundreds digit of (279/(-4) - -2)/(2/(-8))?
2
Suppose 5*v + 10 = 25. Suppose 68 + 27 = r - v*q, 0 = 4*r - 5*q - 394. What is the units digit of r?
1
Let r(p) = p. Let w be r(-9). Let o be -6*((-15)/w)/(-5). Suppose o*f = 40 - 12. What is the units digit of f?
4
Let x = 15 - -7. What is the units digit of 2982/66 + (-4)/x?
5
Let x be (-302)/(-4) + 1/(-2). Suppose f + 4*f = x. Suppose -2*g + f = -45. What is the units digit of g?
0
Let k be 2 + (-285)/(1 + -4). Let h = k - 45. What is the units digit of h?
2
Let y(g) = 4*g + 13. Let v(k) = 3*k + 13. Let p(a) = 3*v(a) - 2*y(a). Let f be p(-8). Suppose f*n = 3*n + 58. What is the units digit of n?
9
Suppose 3*c + 4*d = -8 + 17, 3*c - 3*d = 9. Suppose 0 = s - 4*m - 17, 19 = 5*s - 3*m + 5*m. What is the tens digit of 109/c + s/(-15)?
3
Let k = 83 - 72. Suppose 7*n - k = 6*n. What is the tens digit of n?
1
Let d = 38 + -23. Let t be (-110)/d*(-51)/2. What is the units digit of (-2 + t)*8/20?
4
Suppose -3*f + 5*a = -616, -4*a - 432 - 376 = -4*f. What is the hundreds digit of f?
1
Suppose 240*n - 216*n = 91032. What is the units digit of n?
3
Let v(u) = u**3 + u**2 + u - 4. Let f be v(3). Suppose 3*n + 42 = 2*o, n - f = -2*o + 23. What is the tens digit of o?
2
Let h(n) be the third derivative of -n**5/60 + 2*n**4/3 + 3*n**3/2 - 12*n**2. What is the tens digit of h(9)?
7
Let r = 2824 - 1663. What is the thousands digit of r?
1
Let v(n) = 7*n + 3. Let l = -33 - -48. Let y = l + -12. What is the units digit of v(y)?
4
Let s be 1 + 5 + -1*2. Suppose -22 = -2*m - 5*f, m - 6*m = -s*f - 22. What is the units digit of m?
6
Suppose 3*c - 3*o - 981 = 2*o, -5*c + 1604 = 2*o. What is the units digit of c?
2
Let s = -175 - -685. What is the units digit of s?
0
Let x be 42/(-15)*(-5)/(-1). Suppose -5*m - 104 - 126 = -5*d, 3*d - 2*m = 133. Let h = d - x. What is the units digit of h?
5
Let t(w) = -25*w**2 + 15*w - 38. Let n(v) = v**3 + 76*v**2 - 46*v + 113. Let r(h) = 2*n(h) + 7*t(h). What is the hundreds digit of r(12)?
2
Suppose 0 = -4*j + 4*x + 52, -2*x - x = -4*j + 50. Let n = j - 34. What is the tens digit of -3 - 1 - (7 + n)?
1
Suppose 3*f + 18 = -4*j, -2*f + 5*j = -9 - 2. What is the tens digit of 44 - ((f - -3) + -1)?
4
Let i(x) be the first derivative of -2*x**2 - 6*x + 1/3*x**3 - 7. What is the tens digit of i(8)?
2
Let x be (((-16)/(-6))/4)/(10/(-75)). What is the units digit of (-68)/x*(8 + -3)?
8
Suppose 2*r + 1026 = 8*r. What is the hundreds digit of r?
1
Let k = 6 + -4. Suppose -12 = 3*z, -2*z = 4*q + 6 - k. Let u(x) = 32*x**2 - x - 1. What is the tens digit of u(q)?
3
Suppose -893 = -7*w + 2789. What is the units digit of w?
6
Suppose 2135 = 5*c - 315. What is the tens digit of c?
9
Let l = 99 - 97. Suppose -5*k + 63 - 330 = -v, -l*k - 542 = -2*v. What is the hundreds digit of v?
2
Let i(y) = y**3 - 2*y**2 - 6*y + 3. Let c be i(5). Suppose j - 41 = c. What is the units digit of j?
9
Suppose 4*o - 5*d - 353 = 0, -2*d = -5*o + d + 438. Suppose 0 = 4*k - 53 - o. What is the tens digit of k?
3
Let z(a) = 16*a + 46. What is the hundreds digit of z(9)?
1
Let z be (-3 + 4)/((-2)/(-6)). Suppose -z*k = -j + 3*j - 244, -5*k + 3*j = -413. What is the tens digit of k?
8
Suppose 3*c + 2*s - 16 = 0, 3*c - 2*s + 0*s - 20 = 0. Let p be 0/((-1 - -2) + -2). Let n = c + p. What is the units digit of n?
6
Let d = 1129 + -1087. What is the tens digit of d?
4
Let g(n) be the second derivative of 1/20*n**5 + 0*n**2 + 7/6*n**3 - 5*n + 0 + 7/12*n**4. What is the tens digit of g(-5)?
1
Suppose -5*b + n - 116 = 4*n, b - n = -28. What is the units digit of ((-20)/b)/(3/(1830/4))?
2
Let n = 163 - -20. What is the units digit of n?
3
Suppose -4*n = -3*n + x - 3, 5*n - 5*x - 25 = 0. Let z be -1 - 0 - (-2 - 27). Suppose -27 = -2*t - a - 9, n*t - 2*a - z = 0. What is the units digit of t?
8
What is the units digit of (((-15363)/(-12))/(-9))/(2/(-8))?
9
Suppose -13*i - 4665 = -14142. What is the units digit of i?
9
Suppose -5*q - n = -3*n - 32, 5*q - n - 31 = 0. Let h(y) = -y**3 + 4*y**2 + 9*y - 8. Let j be h(q). Let s = j + 47. What is the tens digit of s?
2
Suppose -165490 = -44*b - 32478. What is the tens digit of b?
2
Suppose -5*p + 2 = i - 24, -4*p + 23 = 3*i. Suppose 3*w = -2*b + 52, -p*w = -4*b - w + 104. Let r = 17 + b. What is the units digit of r?
3
Suppose 2*o - 7 + 1 = 0. Suppose 49 = o*f - 29. Let g = 0 + f. What is the tens digit of g?
2
Suppose -19*t + 2436 = -10674. What is the units digit of t?
0
Let y(r) = 9*r**2 - 9*r + 6. Suppose 22 + 3 = -5*q. Let f be y(q). Suppose 2*g - 8*g = -f. What is the tens digit of g?
4
Let v(p) = 178*p - 235. What is the tens digit of v(21)?
0
Suppose -7*s + 8*s - 120 = 0. Suppose 3*a + 73 = 3*p + a, s = 5*p - 3*a. What is the tens digit of p?
2
Let g = 316 + -120. What is the tens digit of g?
9
Suppose 2*o - 2*a + a - 15 = 0, -o + 5*a + 30 = 0. Suppose 0 = o*q + s + 3 - 102, -5*q + s + 101 = 0. What is the units digit of q?
0
Let y(r) = -r**2 + 52*r + 173. What is the tens digit of y(48)?
6
Suppose 5*c - c = 32. Suppose 3*m - c*m = 45. What is the units digit of ((-120)/m)/((-2)/(-6))?
0
Let w(s) = -s**2 + 16*s + 9. Let g be w(12). Let l = g + -51. What is the units digit of l?
6
Suppose -b + w - 2*w + 20 = 0, 2*b + 5*w = 25. Let o = 12 - b. Let h = -7 - o. What is the units digit of h?
6
Let n(r) = r**2 + 5*r + 10. Let m be n(-9). Suppose 49*t - 162 = m*t. What is the units digit of t?
4
Suppose -4 = 5*x + j, 0 = -4*x - 3*j - 3 + 2. Let n be 155/15 - x/(-3). What is the units digit of (-30)/n*(-5)/3?
5
Let r be -3 + 246/2 + 2. Suppose -2*q = -4*v - r, 0 = 5*q - 7*v + 3*v - 323. Suppose -q = -h - 18. What is the tens digit of h?
4
Suppose -5*d + 3*n + 4 = -4*d, 6 = -2*n. Let t(u) = -u**3 + 2*u + 2. What is the hundreds digit of t(d)?
1
Suppose 5*l = -0*w - 4*w - 35, 3*l - 3*w - 6 = 0. What is the tens digit of (-3280)/(-12) + l/((-9)/(-4))?
7
Suppose -3*y - 4*c + 3012 = 0, 3*c + 688 = 4*y - 3353. Suppose 11*z - 27*z = -y. What is the units digit of z?
3
Let o(w) = 48*w**2 - 3*w - 7. What is the tens digit of o(-3)?
3
Let u = 40 + 12. Suppose z - 3 - u = 0. Let p = z - 30. What is the tens digit of p?
2
Let s = -36 - -31. What is the tens digit of 4 - 0/s - -69?
7
Let a(h) = 7*h - 6. Suppose 0 = -5*j - 26 + 86. Let p be a(j). Suppose -2*s - 14 = -p. What is the tens digit of s?
3
Let z = -948 - -1718. What is the hundreds digit of z?
7
Let p be 6/(-28)*60*-7. Let q = 322 - p. What is the units digit of q?
2
Suppose -528 = -7*r + 6*r. What is the tens digit of r?
2
Suppose -6*p + 2127 = -339. What is the tens digit of p?
1
Let k(f) = -f**3 + 8*f**2 + 5*f - 13. Let b be k(10). Let z = b - -305. What is the units digit of z?
2
Suppose 0 = -3*p - 4*k + 68, -k = p - 5*k - 44. Suppose j = 2*j - p. What is the units digit of j?
8
Let m be 3 + (-2 - -18) + -2. Suppose -4 = -13*y + m*y. Let a = y - -34. What 